alculate the remainder when 31854 is divided by 1870.
64
Calculate the remainder when 18901 is divided by 18.
1
Calculate the remainder when 13203 is divided by 206.
19
Calculate the remainder when 152587 is divided by 816.
811
What is the remainder when 1071 is divided by 97?
4
Calculate the remainder when 1856 is divided by 769.
318
What is the remainder when 2149 is divided by 117?
43
What is the remainder when 86401 is divided by 86380?
21
What is the remainder when 10354 is divided by 3443?
25
What is the remainder when 209 is divided by 22?
11
Calculate the remainder when 4007419 is divided by 20.
19
Calculate the remainder when 49438 is divided by 1901.
12
Calculate the remainder when 23498 is divided by 4.
2
Calculate the remainder when 49480 is divided by 1832.
16
What is the remainder when 1167 is divided by 479?
209
What is the remainder when 259884 is divided by 878?
874
Calculate the remainder when 1254 is divided by 912.
342
What is the remainder when 94578 is divided by 23642?
10
Calculate the remainder when 1275 is divided by 46.
33
What is the remainder when 965 is divided by 962?
3
Calculate the remainder when 2306 is divided by 559.
70
Calculate the remainder when 11778 is divided by 3915.
33
What is the remainder when 22190 is divided by 16?
14
What is the remainder when 8218 is divided by 114?
10
What is the remainder when 37770 is divided by 93?
12
Calculate the remainder when 312 is divided by 70.
32
Calculate the remainder when 358 is divided by 28.
22
Calculate the remainder when 2738727 is divided by 5.
2
Calculate the remainder when 3424 is divided by 310.
14
What is the remainder when 479 is divided by 465?
14
What is the remainder when 1084052 is divided by 329?
326
What is the remainder when 528 is divided by 51?
18
What is the remainder when 32877 is divided by 32877?
0
Calculate the remainder when 4990 is divided by 138.
22
What is the remainder when 37469 is divided by 81?
47
What is the remainder when 175949 is divided by 132?
125
Calculate the remainder when 247102 is divided by 52.
50
What is the remainder when 350310 is divided by 111?
105
What is the remainder when 245257 is divided by 61296?
73
What is the remainder when 9340 is divided by 488?
68
What is the remainder when 162588 is divided by 101?
79
What is the remainder when 5180 is divided by 313?
172
Calculate the remainder when 15376 is divided by 33.
31
Calculate the remainder when 23290 is divided by 545.
400
What is the remainder when 3882 is divided by 3866?
16
Calculate the remainder when 6842 is divided by 3334.
174
Calculate the remainder when 3872 is divided by 840.
512
What is the remainder when 67549 is divided by 32?
29
What is the remainder when 7099 is divided by 2271?
286
What is the remainder when 87289 is divided by 3794?
27
Calculate the remainder when 6511 is divided by 1563.
259
Calculate the remainder when 95295 is divided by 50.
45
Calculate the remainder when 2205 is divided by 48.
45
What is the remainder when 637181 is divided by 21?
20
What is the remainder when 638 is divided by 394?
244
What is the remainder when 133503 is divided by 941?
822
Calculate the remainder when 1959 is divided by 439.
203
Calculate the remainder when 162442 is divided by 81220.
2
Calculate the remainder when 614 is divided by 25.
14
Calculate the remainder when 22997 is divided by 2872.
21
Calculate the remainder when 373005 is divided by 82.
69
Calculate the remainder when 1383952 is divided by 23.
19
What is the remainder when 1297 is divided by 66?
43
What is the remainder when 4350 is divided by 4337?
13
What is the remainder when 206 is divided by 5?
1
Calculate the remainder when 11086 is divided by 132.
130
Calculate the remainder when 388886 is divided by 55554.
8
Calculate the remainder when 3219 is divided by 3.
0
Calculate the remainder when 10850 is divided by 103.
35
Calculate the remainder when 328965 is divided by 38.
37
What is the remainder when 100116 is divided by 35?
16
What is the remainder when 2169 is divided by 240?
9
What is the remainder when 1459 is divided by 580?
299
Calculate the remainder when 478904 is divided by 914.
882
Calculate the remainder when 47019 is divided by 15556.
351
What is the remainder when 98179 is divided by 2801?
144
Calculate the remainder when 16601 is divided by 34.
9
What is the remainder when 84163 is divided by 21035?
23
What is the remainder when 211414 is divided by 7290?
4
Calculate the remainder when 423 is divided by 52.
7
What is the remainder when 29260 is divided by 39?
10
What is the remainder when 268 is divided by 257?
11
What is the remainder when 11390 is divided by 1201?
581
What is the remainder when 289947 is divided by 1043?
1036
Calculate the remainder when 1743230 is divided by 24.
14
What is the remainder when 10838 is divided by 5393?
52
What is the remainder when 105028 is divided by 8?
4
Calculate the remainder when 25137 is divided by 22.
13
What is the remainder when 38526 is divided by 77?
26
What is the remainder when 5468094 is divided by 29?
28
What is the remainder when 8604 is divided by 36?
0
Calculate the remainder when 118192 is divided by 59.
15
What is the remainder when 3733857 is divided by 390?
387
What is the remainder when 1953546 is divided by 117?
114
What is the remainder when 126017 is divided by 368?
161
Calculate the remainder when 1184 is divided by 622.
562
What is the remainder when 11559 is divided by 629?
237
What is the remainder when 3633 is divided by 230?
183
Calculate the remainder when 306115 is divided by 17.
13
Calculate the remainder when 224152 is divided by 112044.
64
What is the remainder when 1893 is divided by 13?
8
What is the remainder when 67370 is divided by 11221?
44
Calculate the remainder when 47059 is divided by 581.
579
Calculate the remainder when 35843 is divided by 535.
533
What is the remainder when 660015 is divided by 67?
65
What is the remainder when 35853 is divided by 26?
25
What is the remainder when 7666 is divided by 295?
291
What is the remainder when 4493 is divided by 202?
49
What is the remainder when 5535 is divided by 173?
172
Calculate the remainder when 243375 is divided by 947.
943
Calculate the remainder when 520941 is divided by 32.
13
Calculate the remainder when 31408 is divided by 27.
7
Calculate the remainder when 18995 is divided by 2192.
1459
What is the remainder when 282 is divided by 127?
28
Calculate the remainder when 697351 is divided by 5448.
7
Calculate the remainder when 10872 is divided by 331.
280
What is the remainder when 56265 is divided by 181?
155
What is the remainder when 44326 is divided by 156?
22
What is the remainder when 13605 is divided by 342?
267
Calculate the remainder when 1005 is divided by 1003.
2
What is the remainder when 21129 is divided by 2639?
17
What is the remainder when 1802 is divided by 195?
47
Calculate the remainder when 20228 is divided by 71.
64
What is the remainder when 4881 is divided by 438?
63
Calculate the remainder when 917 is divided by 23.
20
Calculate the remainder when 1056847 is divided by 151.
149
Calculate the remainder when 3106 is divided by 1032.
10
What is the remainder when 4802 is divided by 1200?
2
What is the remainder when 1406 is divided by 1388?
18
What is the remainder when 937 is divided by 136?
121
What is the remainder when 669 is divided by 16?
13
What is the remainder when 87046 is divided by 117?
115
Calculate the remainder when 10406 is divided by 1530.
1226
Calculate the remainder when 46028 is divided by 229.
228
What is the remainder when 6678 is divided by 702?
360
Calculate the remainder when 2799 is divided by 649.
203
Calculate the remainder when 19975 is divided by 546.
319
Calculate the remainder when 59325 is divided by 1023.
1014
Calculate the remainder when 50384 is divided by 25184.
16
Calculate the remainder when 7507 is divided by 175.
157
What is the remainder when 85402 is divided by 2440?
2
What is the remainder when 274338 is divided by 55?
53
Calculate the remainder when 6599 is divided by 44.
43
Calculate the remainder when 44609 is divided by 55.
4
Calculate the remainder when 12620 is divided by 3153.
8
What is the remainder when 40028 is divided by 72?
68
Calculate the remainder wh